{"id":137,"date":"2015-04-05T20:10:28","date_gmt":"2015-04-05T17:10:28","guid":{"rendered":"http:\/\/sukuseuraviljakainen.net\/?page_id=137"},"modified":"2024-07-14T21:43:56","modified_gmt":"2024-07-14T18:43:56","slug":"sukupaiva-2014","status":"publish","type":"page","link":"http:\/\/sukuseuraviljakainen.net\/?page_id=137","title":{"rendered":"Sukup\u00e4iv\u00e4 2014"},"content":{"rendered":"<p><strong>Viljakaiset sukup\u00e4ivill\u00e4 &#8211; <\/strong><strong>sukua tutkittu my\u00f6s DNA-n\u00e4yttein<\/strong><\/p>\n<p><strong>Sukuseura Viljakainen ry:n seitsem\u00e4stoista sukup\u00e4iv\u00e4 pidettiin Juvalla ja Rantasalmella kes\u00e4kuun lopulla. Maanviljelij\u00e4 <em>Pekka Viljakainen<\/em> valittiin yksimielisesti jatkamaan sukuseuran puheenjohtajana seuraavan kolmivuotiskauden. Juhlapuhuja oli filosofian maisteri <em>Seppo Viljakainen.<\/em> Sukututkija <em>Ahti Kopperi<\/em> kertoi uusia kiinnostavia tietoja Viljakaisten suvun vaiheista keskiajalta nykyp\u00e4iv\u00e4\u00e4n. Sukuhaarojen selvitt\u00e4misess\u00e4 on k\u00e4ytetty my\u00f6s DNA-tutkimuksia.<\/strong><\/p>\n<p>Viljakaisten 17. sukup\u00e4iv\u00e4 alkoivat hartaudella Juvan kauniissa kivikirkossa, josta siirryttiin sankarihaudoille. Siell\u00e4 laskettiin ristin juureen kukkatervehdys menneiden sukupolvien muistolle. Sukup\u00e4iv\u00e4 pidettiin Lomakyl\u00e4 Kuus-Hukkalassa Rantasalmella.<\/p>\n<p><strong>Suku selviytynyt vaikeinakin aikoina<\/strong><\/p>\n<p>Lounaan j\u00e4lkeen pidettiin s\u00e4\u00e4nt\u00f6m\u00e4\u00e4r\u00e4inen kokous. Juhlapuheessa filosofian maisteri Seppo Viljakainen Joroisista k\u00e4sitteli laajasti maamme historiaa, jonka kulkuun my\u00f6s Viljakaisen suku on kytkeytynyt. Maaseudun arkinen aherrus on vaatinut eri aikoina kekseli\u00e4isyytt\u00e4 ja selviytymiskyky\u00e4, joita Viljakaisilla aivan ilmeisesti on ollut. Oman haasteensa \u2013 my\u00f6s Viljakaisille &#8211; on aina tuonut it\u00e4inen naapurimme Ven\u00e4j\u00e4 ja Neuvostoliitto, jotka ovat pyrkineet laajentamaan valtansa my\u00f6s Suomeen.<\/p>\n<p>Seppo Viljakainen totesi, ett\u00e4 Ven\u00e4j\u00e4 on antanut Suomelle my\u00f6s paljon my\u00f6nteist\u00e4, erityisesti talouden ja kulttuurin aloilla. Valitettavasti nykyinen Ven\u00e4j\u00e4 antaa aihetta huoleen ja ihmettelyyn.<\/p>\n<p><strong>Torjuntavoittojen sankarit 1944 turvasivat itsen\u00e4isyyden<\/strong><\/p>\n<p>Juhlapuhuja muisti my\u00f6s 70 vuoden takaista Neuvostoliiton puna-armeijan suurhy\u00f6kk\u00e4yst\u00e4 ja sen torjuneita suomalaisia sotasankareita. Viljakainen viittasi Juvan kirkon vieress\u00e4 olevaan JR 49:n muistopaateen ja kertoi, ett\u00e4 t\u00e4m\u00e4n joukon etel\u00e4savolaisista sotureista kaatui 40 p\u00e4iv\u00e4n aikana 2520. He antoivat henkens\u00e4 maamme vapauden puolesta muun muassa Siiranm\u00e4en ja \u00c4yr\u00e4p\u00e4\u00e4n-Vuosalmen taisteluissa kes\u00e4ll\u00e4 1944.<\/p>\n<p><strong>Pekka Viljakainen jatkaa &#8211; sukukirja julkaistaan 2016<\/strong><\/p>\n<p>S\u00e4\u00e4nt\u00f6m\u00e4\u00e4r\u00e4inen kokous, johon osallistui l\u00e4hes sata suvun j\u00e4sent\u00e4, valitsi maanviljelij\u00e4 Pekka Viljakaisen Joroisista jatkamaan puheenjohtajana seuraavat kolme vuotta. Hallituksen erovuoroiset j\u00e4senet <em>Leena Teittinen<\/em> Mikkelin Haukivuorelta, <em>Juhani Veps\u00e4l\u00e4inen<\/em> Joroisista ja varaj\u00e4sen <em>Eveliina Kautto<\/em> Joroisista valittiin uudelleen kolmeksi vuodeksi. Kahdelle pitk\u00e4\u00e4n sukuseurassa toimineelle luovutettiin suvun p\u00f6yt\u00e4standaarit. Kunnianosoituksen saivat viilaaja <em>Pentti A. Viljakainen<\/em> Hyvink\u00e4\u00e4lt\u00e4 ja maanviljelij\u00e4 <em>Jaakko Viljakainen<\/em> Mikkelin Viljakkalansaaresta.<\/p>\n<p>Sukututkija Ahti Kopperi kertoi, ett\u00e4 kes\u00e4ll\u00e4 2016 julkistetaan Viljakaisen suvun 1500-sivuinen sukukirja, jossa ovat mukana kaikki Suomen Viljakaiset. T\u00e4ll\u00e4 hetkell\u00e4 kirjassa on 930 sivua. Viljakaisen sukuhaaroja on nyt viel\u00e4 16: Mikkelist\u00e4 viisi, Karjalan Kannakselta kolme, Rantasalmelta ja Haukivuorelta kaksi, Joroisista, Ristiinasta, Taipalsaarelta ja M\u00e4ntyharjusta yksi kustakin.<\/p>\n<p><strong>12 DNA -n\u00e4ytett\u00e4<\/strong><\/p>\n<p>Viljakaisen sukuhaarojen selvitt\u00e4miseksi suvusta otettiin 12 DNA-n\u00e4ytett\u00e4. Jo nyt voidaan sanoa, ett\u00e4 useimmat sukuhaarat eiv\u00e4t ole l\u00e4heist\u00e4 sukua toisilleen, vaikka ovatkin asuneet samoilla alueilla. Luontevalta tuntuukin selitys, ett\u00e4 sukunimi ja sukuhaarat ovat syntyneet toisistaan riippumatta keskiajalla etunimest\u00e4 Vilja. Suurin osa Viljakaisista on tullut Suomeen id\u00e4st\u00e4, mutta kaksi sukuhaaraa etel\u00e4st\u00e4 tai l\u00e4nnest\u00e4.<\/p>\n<p>Kopperin mukaan Viljakaisen sukunimi on ollut k\u00e4yt\u00f6ss\u00e4 jo keskiajalla, ja siihen suku on ollut tyytyv\u00e4inen. 1700- ja 1800-luvulla sotilaille annettiin uusia sukunimi\u00e4, ja n\u00e4in sukunimi muuttui muotoihin <em>Willblad, Villstr\u00f6m, Vild, Linden, Jung, Villig ja Forss<\/em>. Lappeenrantalainen porvari <em>Kustaa Viljakainen<\/em> muutti nimens\u00e4 <em>Viljanderiks<\/em>i 1800-luvun alussa. Amerikkaan muuttaneesta Pauli Viljakaisesta tuli <em>Paul Vilja<\/em>.<\/p>\n<p>Sukututkijaan saa yhteyden s\u00e4hk\u00f6postilla: <a href=\"mailto:ahti.kopperi@telemail.fi\">ahti.kopperi@telemail.fi<\/a><\/p>\n<p>JARMO VILJAKAINEN<\/p>\n","protected":false},"excerpt":{"rendered":"<p>Viljakaiset sukup\u00e4ivill\u00e4 &#8211; sukua tutkittu my\u00f6s DNA-n\u00e4yttein Sukuseura Viljakainen ry:n seitsem\u00e4stoista sukup\u00e4iv\u00e4 pidettiin Juvalla ja Rantasalmella kes\u00e4kuun lopulla. Maanviljelij\u00e4 Pekka Viljakainen valittiin yksimielisesti jatkamaan sukuseuran puheenjohtajana seuraavan kolmivuotiskauden. Juhlapuhuja oli filosofian maisteri Seppo Viljakainen. Sukututkija Ahti Kopperi kertoi uusia kiinnostavia tietoja Viljakaisten suvun vaiheista keskiajalta nykyp\u00e4iv\u00e4\u00e4n. Sukuhaarojen selvitt\u00e4misess\u00e4 on k\u00e4ytetty my\u00f6s DNA-tutkimuksia. Viljakaisten 17. sukup\u00e4iv\u00e4 [&hellip;]<\/p>\n","protected":false},"author":1,"featured_media":0,"parent":10,"menu_order":5,"comment_status":"closed","ping_status":"closed","template":"page-templates\/full-width.php","meta":{"footnotes":""},"class_list":["post-137","page","type-page","status-publish","hentry"],"_links":{"self":[{"href":"http:\/\/sukuseuraviljakainen.net\/index.php?rest_route=\/wp\/v2\/pages\/137","targetHints":{"allow":["GET"]}}],"collection":[{"href":"http:\/\/sukuseuraviljakainen.net\/index.php?rest_route=\/wp\/v2\/pages"}],"about":[{"href":"http:\/\/sukuseuraviljakainen.net\/index.php?rest_route=\/wp\/v2\/types\/page"}],"author":[{"embeddable":true,"href":"http:\/\/sukuseuraviljakainen.net\/index.php?rest_route=\/wp\/v2\/users\/1"}],"replies":[{"embeddable":true,"href":"http:\/\/sukuseuraviljakainen.net\/index.php?rest_route=%2Fwp%2Fv2%2Fcomments&post=137"}],"version-history":[{"count":1,"href":"http:\/\/sukuseuraviljakainen.net\/index.php?rest_route=\/wp\/v2\/pages\/137\/revisions"}],"predecessor-version":[{"id":138,"href":"http:\/\/sukuseuraviljakainen.net\/index.php?rest_route=\/wp\/v2\/pages\/137\/revisions\/138"}],"up":[{"embeddable":true,"href":"http:\/\/sukuseuraviljakainen.net\/index.php?rest_route=\/wp\/v2\/pages\/10"}],"wp:attachment":[{"href":"http:\/\/sukuseuraviljakainen.net\/index.php?rest_route=%2Fwp%2Fv2%2Fmedia&parent=137"}],"curies":[{"name":"wp","href":"https:\/\/api.w.org\/{rel}","templated":true}]}}