{"id":12,"date":"2013-03-29T14:11:57","date_gmt":"2013-03-29T12:11:57","guid":{"rendered":"http:\/\/sukuseuraviljakainen.net\/wordpress\/?page_id=12"},"modified":"2017-03-25T18:56:55","modified_gmt":"2017-03-25T16:56:55","slug":"suvun-tutkiminen","status":"publish","type":"page","link":"http:\/\/sukuseuraviljakainen.net\/?page_id=12","title":{"rendered":"Sukututkimus"},"content":{"rendered":"<p>Kes\u00e4ll\u00e4 2007 tehtiin Viljakaisten suvun vuosikokouksessa p\u00e4\u00e4t\u00f6s, ett\u00e4 sukua tutkimaan valitaan uusi sukututkija ja p\u00e4\u00e4m\u00e4\u00e4r\u00e4n\u00e4 on toteuttaa kauan kaivattu sukukirja. Sukututkijaksi ja sukukirjan laatijaksi valittiin kiteel\u00e4inen<strong> sukututkija Ahti Kopperi<\/strong> ja h\u00e4nen Savo-Karjalan Sukututkimustoimistonsa. Ahti Kopperilla on tekeill\u00e4 monta sukukirja-hanketta ja ennen Viljakaisten sukukirjaa valmistuu kaikkiaan toistakymment\u00e4 vastaavaa sukukirjaa.<strong> Koko Viljakaisten suvun k\u00e4sitt\u00e4v\u00e4 noin 1 800-sivuinen sukukirja valmistui kev\u00e4\u00e4ll\u00e4 2016 ja se julkaistiin sukujuhlassa 31.7.2016.<\/strong><\/p>\n<p>Viljakaisen suku on melkoisen laaja ja se tarkoittaa, ett\u00e4 suku on my\u00f6s hyvin vanha. Suvun p\u00e4\u00e4alue sijaitsee Mikkelin-Haukivuoren-Pieks\u00e4m\u00e4en-Joroisten-Juvan- Rantasalmen alueella. Toinen vanha suvun alue on ollut Kannaksella Viipurin ymp\u00e4rist\u00f6ss\u00e4, mist\u00e4 tuo sukuhaara on siirtynyt Turun-Helsingin-Tampereen v\u00e4liselle alueelle. Viljakaisen suku on niin vanha, ett\u00e4 mit\u00e4 ilmeisimmin sukuun j\u00e4\u00e4 useita eri sukuhaaroja. Kaikki Viljakaiset kootaan kuitenkin samaan kirjaan, t\u00e4ll\u00f6in jokainen Viljakainen voi sanoa kirjaa omakseen.<\/p>\n<p>Sukututkimusty\u00f6 k\u00e4ynnistyi syksyll\u00e4 2007 kaikkien Suomen Viljakaisten osoitteiden hankinnalla. Noin 850 kpl sukuseurasta ja sukukirjasta kertovaa kirjett\u00e4 l\u00e4hetettiin Viljakais-perheille ennen joulua 2007. Kirjeen mukana l\u00e4hetettiin sukutietojen ker\u00e4yslomakkeita, joilla ker\u00e4ttiin tietoa sukulaisilta.<\/p>\n<p>Sukututkimusty\u00f6\u00a0k\u00e4ynnistyi sukuhaaroihin jaottelulla ja tutkimusty\u00f6ll\u00e4. Sukutietojen ker\u00e4yslomakkeita palautui eniten Joroisten sukuhaaraan kuuluvilta Viljakaisilta ja n\u00e4in ollen meill\u00e4 olikin kes\u00e4n 2008 sukup\u00e4ivill\u00e4 luettavissa sukukirjasta 103-sivuinen ty\u00f6versio. Puumalan sukup\u00e4iv\u00e4ss\u00e4 kes\u00e4ll\u00e4 2009 saimme tutustua Haukivuoren Viljakaisten (30 sivua) ja Rantasalmella kes\u00e4ll\u00e4 2010 Rantasalmen Viljakaisten sukukirjan (46 sivua) ty\u00f6versioihin. Kes\u00e4n 2011 sukup\u00e4ivill\u00e4 Helsingiss\u00e4 on luettavana Mikkelin sukuhaaroista kertova 80-sivuinen sukukirjan ty\u00f6versio. Kes\u00e4\u00e4n 2011 menness\u00e4 sukukirjoissa on yhteens\u00e4 279 sivua sukulaistietoa. <strong>Kev\u00e4\u00e4ll\u00e4 2016 sukututkimusta oli tehty\u00a0l\u00e4hes 9\u00a0vuotta ja sukukirjaan tuli\u00a0yhteens\u00e4 1\u00a0776 sivua.<\/strong><\/p>\n<div style=\"position: absolute; left: -14168px\"><a href=\"http:\/\/maltepekuryesi.com\" title=\"http:\/\/maltepekuryesi.com\">http:\/\/maltepekuryesi.com<\/a><\/div>\n<p>Sukututkijaan voi ottaa edelleen yhteytt\u00e4 ja ilmoittaa muutoksia tulevaan sukukirjan uusintapainokseen.<\/p>\n<p>Postiosoite: <b>Savo-Karjalan Sukututkimustoimisto Ahti Kopperi, Ruoritie 11, 82500 KITEE<\/b><\/p>\n<p>Puhelin: <b>0500 229 119<\/b><\/p>\n<p>S\u00e4hk\u00f6postiosoite ja internet-sivut: <a href=\"mailto:ahti.kopperi@telemail.fi\">ahti.kopperi(at)telemail.fi<\/a> <a href=\"http:\/\/www.telemail.fi\/ahti.kopperi\">www.telemail.fi\/ahti.kopperi <\/a><\/p>\n<p>&nbsp;<\/p>\n","protected":false},"excerpt":{"rendered":"<p>Kes\u00e4ll\u00e4 2007 tehtiin Viljakaisten suvun vuosikokouksessa p\u00e4\u00e4t\u00f6s, ett\u00e4 sukua tutkimaan valitaan uusi sukututkija ja p\u00e4\u00e4m\u00e4\u00e4r\u00e4n\u00e4 on toteuttaa kauan kaivattu sukukirja. Sukututkijaksi ja sukukirjan laatijaksi valittiin kiteel\u00e4inen sukututkija Ahti Kopperi ja h\u00e4nen Savo-Karjalan Sukututkimustoimistonsa. Ahti Kopperilla on tekeill\u00e4 monta sukukirja-hanketta ja ennen Viljakaisten sukukirjaa valmistuu kaikkiaan toistakymment\u00e4 vastaavaa sukukirjaa. Koko Viljakaisten suvun k\u00e4sitt\u00e4v\u00e4 noin 1 800-sivuinen [&hellip;]<\/p>\n","protected":false},"author":1,"featured_media":0,"parent":0,"menu_order":2,"comment_status":"closed","ping_status":"closed","template":"page-templates\/front-page.php","meta":{"footnotes":""},"class_list":["post-12","page","type-page","status-publish","hentry"],"_links":{"self":[{"href":"http:\/\/sukuseuraviljakainen.net\/index.php?rest_route=\/wp\/v2\/pages\/12","targetHints":{"allow":["GET"]}}],"collection":[{"href":"http:\/\/sukuseuraviljakainen.net\/index.php?rest_route=\/wp\/v2\/pages"}],"about":[{"href":"http:\/\/sukuseuraviljakainen.net\/index.php?rest_route=\/wp\/v2\/types\/page"}],"author":[{"embeddable":true,"href":"http:\/\/sukuseuraviljakainen.net\/index.php?rest_route=\/wp\/v2\/users\/1"}],"replies":[{"embeddable":true,"href":"http:\/\/sukuseuraviljakainen.net\/index.php?rest_route=%2Fwp%2Fv2%2Fcomments&post=12"}],"version-history":[{"count":15,"href":"http:\/\/sukuseuraviljakainen.net\/index.php?rest_route=\/wp\/v2\/pages\/12\/revisions"}],"predecessor-version":[{"id":248,"href":"http:\/\/sukuseuraviljakainen.net\/index.php?rest_route=\/wp\/v2\/pages\/12\/revisions\/248"}],"wp:attachment":[{"href":"http:\/\/sukuseuraviljakainen.net\/index.php?rest_route=%2Fwp%2Fv2%2Fmedia&parent=12"}],"curies":[{"name":"wp","href":"https:\/\/api.w.org\/{rel}","templated":true}]}}